d 1854.
206
Calculate the greatest common factor of 2198 and 25844.
14
Calculate the highest common factor of 547960 and 112.
56
What is the greatest common factor of 21788 and 6318?
26
Calculate the highest common factor of 78529 and 59.
59
What is the greatest common factor of 28 and 277109?
7
Calculate the highest common divisor of 6919 and 11803.
407
Calculate the highest common factor of 38 and 21527.
19
Calculate the highest common divisor of 562 and 47489.
281
Calculate the highest common factor of 249344 and 512.
512
Calculate the highest common factor of 1365 and 641095.
455
What is the highest common divisor of 1820732 and 76?
76
Calculate the highest common divisor of 77 and 509784.
11
What is the greatest common factor of 154878 and 7968?
498
Calculate the highest common divisor of 57 and 22857.
57
What is the greatest common factor of 204 and 203676?
12
Calculate the greatest common factor of 6 and 16818.
6
Calculate the greatest common factor of 3122 and 392.
14
What is the greatest common factor of 824 and 80?
8
Calculate the highest common factor of 17 and 139281.
17
Calculate the greatest common divisor of 41960 and 40.
40
What is the greatest common factor of 91 and 48958?
91
What is the greatest common divisor of 655368 and 564?
564
Calculate the greatest common divisor of 582 and 3271034.
194
What is the greatest common divisor of 1296 and 4208?
16
What is the greatest common factor of 56 and 214564?
28
What is the highest common factor of 746 and 38419?
373
Calculate the greatest common divisor of 4 and 13071.
1
What is the greatest common divisor of 1892634 and 12?
6
Calculate the highest common factor of 200 and 335400.
200
Calculate the greatest common divisor of 13206 and 42594.
186
Calculate the greatest common divisor of 36158 and 3222.
358
What is the highest common divisor of 470 and 515261?
47
What is the greatest common factor of 9899 and 589?
19
Calculate the greatest common factor of 15825 and 29118.
633
What is the greatest common divisor of 153 and 40732?
17
Calculate the greatest common factor of 1491 and 6728883.
1491
What is the greatest common factor of 54453 and 231?
21
Calculate the greatest common factor of 1776 and 249824.
592
Calculate the greatest common divisor of 2088 and 2565369.
261
Calculate the greatest common factor of 30145 and 695.
5
What is the greatest common factor of 118655 and 1520?
95
What is the greatest common divisor of 4 and 158036?
4
What is the highest common factor of 11894 and 3078?
38
Calculate the highest common factor of 6812 and 19912.
524
What is the greatest common divisor of 1208362 and 950?
38
What is the highest common divisor of 1207 and 4544?
71
What is the greatest common factor of 3885 and 45843?
777
What is the greatest common factor of 27189 and 1710?
171
Calculate the highest common factor of 12 and 951732.
12
What is the highest common divisor of 4256 and 528?
16
Calculate the highest common factor of 11412 and 396.
36
Calculate the greatest common divisor of 1815 and 2343.
33
Calculate the greatest common factor of 4212 and 23400.
468
What is the greatest common factor of 21 and 1488?
3
What is the greatest common factor of 1725 and 13?
1
What is the highest common divisor of 99132 and 308?
44
Calculate the highest common factor of 1208412 and 1407.
201
What is the highest common factor of 4188 and 852?
12
Calculate the greatest common factor of 168 and 42224.
56
Calculate the highest common divisor of 8170 and 20.
10
What is the greatest common factor of 3101 and 448?
7
Calculate the highest common divisor of 950 and 2400.
50
What is the highest common factor of 76709 and 158?
79
Calculate the greatest common factor of 752 and 3337.
47
What is the highest common divisor of 44 and 227458?
22
What is the highest common factor of 103050 and 300?
150
Calculate the highest common divisor of 115 and 21919.
23
Calculate the highest common divisor of 7568 and 396.
44
Calculate the greatest common divisor of 240 and 577600.
80
Calculate the highest common factor of 190 and 60724.
38
Calculate the highest common divisor of 200 and 55775.
25
What is the highest common factor of 162615 and 2405?
185
What is the greatest common divisor of 11252 and 3298?
194
Calculate the greatest common divisor of 279 and 197811.
279
What is the highest common factor of 58 and 696406?
58
What is the greatest common factor of 910 and 1584765?
455
Calculate the greatest common factor of 5298 and 186.
6
What is the greatest common factor of 7 and 55493?
1
What is the highest common divisor of 2252 and 1360?
4
What is the greatest common divisor of 36072 and 136?
8
Calculate the greatest common factor of 51057 and 5115.
93
What is the greatest common divisor of 288 and 11?
1
Calculate the greatest common divisor of 630 and 6795.
45
What is the greatest common factor of 610 and 27328?
122
Calculate the greatest common divisor of 3811 and 148.
37
Calculate the greatest common divisor of 1118 and 75556.
26
What is the greatest common divisor of 9180 and 5865?
255
What is the greatest common divisor of 161179 and 356?
89
Calculate the greatest common divisor of 451928 and 408.
136
What is the highest common divisor of 21490 and 70?
70
Calculate the greatest common factor of 8 and 997116.
4
What is the highest common divisor of 5513 and 222?
37
What is the greatest common divisor of 1 and 17426?
1
Calculate the highest common divisor of 20825 and 8075.
425
What is the greatest common factor of 3970251 and 438?
219
Calculate the highest common factor of 11952 and 2880.
144
Calculate the greatest common factor of 10 and 241005.
5
Calculate the highest common factor of 15407 and 62.
31
What is the greatest common factor of 13514 and 6264?
58
Calculate the greatest common divisor of 641550 and 84.
42
Calculate the greatest common divisor of 280 and 153580.
140
Calculate the greatest common factor of 310 and 2764735.
155
Calculate the greatest common divisor of 513 and 254315.
19
What is the highest common divisor of 1308026 and 566?
566
Calculate the highest common divisor of 14368 and 378058.
898
Calculate the greatest common divisor of 1351 and 23353.
193
Calculate the greatest common factor of 576 and 16688.
16
What is the greatest common factor of 897 and 429962?
299
What is the highest common factor of 9542 and 130?
26
What is the highest common factor of 331 and 1689755?
331
Calculate the highest common factor of 1673221 and 22.
11
Calculate the highest common divisor of 1387 and 2555.
73
Calculate the greatest common factor of 1545 and 204970.
515
Calculate the greatest common divisor of 69 and 2802.
3
What is the greatest common factor of 17933163 and 411?
411
Calculate the highest common factor of 32 and 4444.
4
Calculate the greatest common divisor of 124 and 593.
1
Calculate the highest common divisor of 6790511 and 39.
13
What is the greatest common factor of 57 and 3834?
3
Calculate the highest common factor of 121014 and 664.
166
Calculate the greatest common factor of 1557 and 11133.
9
Calculate the greatest common factor of 792 and 44176.
88
Calculate the greatest common divisor of 93 and 1389.
3
Calculate the highest common divisor of 1836 and 1532448.
612
What is the greatest common factor of 16 and 611916?
4
Calculate the greatest common factor of 3548192 and 32.
32
Calculate the greatest common divisor of 40702 and 94.
94
What is the greatest common divisor of 1046320 and 205?
205
What is the greatest common divisor of 24259 and 85?
17
Calculate the greatest common factor of 4857993 and 63.
63
What is the highest common divisor of 384 and 821904?
48
Calculate the greatest common divisor of 1344 and 518.
14
Calculate the highest common factor of 91 and 375739.
91
What is the greatest common factor of 16439 and 2261?
17
Calculate the highest common factor of 30700 and 400.
100
What is the highest common factor of 612439 and 2?
1
Calculate the highest common factor of 63532 and 126.
14
What is the highest common factor of 15215 and 212115?
895
What is the highest common divisor of 2730 and 132?
6
Calculate the greatest common factor of 22 and 275649.
11
Calculate the highest common factor of 331 and 85067.
331
What is the highest common divisor of 16461 and 9027?
531
Calculate 